{"id":1110,"date":"2020-07-16T17:56:18","date_gmt":"2020-07-16T21:56:18","guid":{"rendered":"https:\/\/bbmlanctot.ca\/?page_id=1110"},"modified":"2024-04-22T21:07:35","modified_gmt":"2024-04-23T01:07:35","slug":"materiel-publicitaire","status":"publish","type":"page","link":"https:\/\/bbmlanctot.ca\/english\/home-2\/impression-numerique\/materiel-publicitaire\/","title":{"rendered":"<p>Promotional materials<\/p>"},"content":{"rendered":"<div id=\"second-menu\" class=\"vc_row wpb_row vc_row-fluid edgtf-section container_height vc_custom_1557445241160 edgtf-content-aligment-left\" style=\"\"><div class=\"clearfix edgtf-full-section-inner\"><div class=\"wpb_column vc_column_container vc_col-sm-12 vc_hidden-md vc_hidden-sm vc_hidden-xs\"><div class=\"vc_column-inner\"><div class=\"wpb_wrapper\"><div data-edgtf-parallax-speed=\"1\" class=\"vc_row wpb_row vc_inner vc_row-fluid edgtf-section edgtf-content-aligment-left edgtf-grid-section\" style=\"\"><div class=\"edgtf-section-inner\"><div class=\"edgtf-section-inner-margin clearfix\"><div class=\"wpb_column vc_column_container vc_col-sm-2\"><div class=\"vc_column-inner\"><div class=\"wpb_wrapper\">\n\t<div class=\"wpb_text_column wpb_content_element  vc_custom_1610492105596\">\n\t\t<div class=\"wpb_wrapper\">\n\t\t\t<h1>MAT&Eacute;RIEL PUBLICITAIRE<\/h1>\n\n\t\t<\/div>\n\t<\/div>\n<\/div><\/div><\/div><div class=\"wpb_column vc_column_container vc_col-sm-10 vc_hidden-sm vc_hidden-xs\"><div class=\"vc_column-inner\"><div class=\"wpb_wrapper\">\n\t<div class=\"wpb_raw_code wpb_content_element wpb_raw_html\">\n\t\t<div class=\"wpb_wrapper\">\n\t\t\t\n\t\t<\/div>\n\t<\/div>\n<\/div><\/div><\/div><\/div><\/div><\/div><\/div><\/div><\/div><\/div><div class=\"vc_row wpb_row vc_row-fluid edgtf-section container_height jumbotron vc_custom_1557445041191 edgtf-content-aligment-left\" style=\"\"><div class=\"clearfix edgtf-full-section-inner\"><div class=\"wpb_column vc_column_container vc_col-sm-12\"><div class=\"vc_column-inner\"><div class=\"wpb_wrapper\"><div data-edgtf-parallax-speed=\"1\" class=\"vc_row wpb_row vc_inner vc_row-fluid edgtf-section jumbotron_width vc_custom_1598391987049 edgtf-content-aligment-left edgtf-grid-section\" style=\"\"><div class=\"edgtf-section-inner\"><div class=\"edgtf-section-inner-margin clearfix\"><div class=\"box_size2 vertical-align-content content-max-width wpb_column vc_column_container vc_col-sm-6\"><div class=\"vc_column-inner vc_custom_1557444914627\"><div class=\"wpb_wrapper\">\n\t<div class=\"wpb_text_column wpb_content_element\">\n\t\t<div class=\"wpb_wrapper\">\n\t\t\t<h1>MAT&Eacute;RIEL PUBLICITAIRE<\/h1>\n\n\t\t<\/div>\n\t<\/div>\n<a itemprop=\"url\" href=\"https:\/\/bbmlanctot.ca\/english\/nous-joindre\/\" target=\"_self\" style=\"color: #ffffff;margin: 24px 0 0 0\" class=\"edgtf-btn edgtf-btn-medium edgtf-btn-solid edgtf-btn-custom-hover-color\" data-hover-color=\"#ffffff\">\n    <span class=\"edgtf-btn-text\">Contact us<\/span>\n    <\/a><\/div><\/div><\/div><div class=\"box_size2 vertical-align-content content-max-width wpb_column vc_column_container vc_col-sm-6 vc_col-has-fill\"><div class=\"vc_column-inner vc_custom_1614794417255\"><div class=\"wpb_wrapper\"><\/div><\/div><\/div><\/div><\/div><\/div><div data-edgtf-parallax-speed=\"1\" class=\"vc_row wpb_row vc_inner vc_row-fluid edgtf-section edgtf-content-aligment-left\" style=\"\"><div class=\"edgtf-full-section-inner\"><div class=\"wpb_column vc_column_container vc_col-sm-12\"><div class=\"vc_column-inner\"><div class=\"wpb_wrapper\"><div class=\"vc_icon_element vc_icon_element-outer wpb_animate_when_almost_visible wpb_slideInDown slideInDown vc_icon_element-align-center\"><div class=\"vc_icon_element-inner vc_icon_element-color-black vc_icon_element-size-md vc_icon_element-style- vc_icon_element-background-color-grey\"><span class=\"vc_icon_element-icon vc-material vc-material-keyboard_arrow_down\"><\/span><\/div><\/div><\/div><\/div><\/div><\/div><\/div><\/div><\/div><\/div><\/div><\/div><div id=\"contentWrapper\" class=\"vc_row wpb_row vc_row-fluid edgtf-section contentWrapper container_heigh vc_custom_1610072082232 edgtf-content-aligment-left edgtf-grid-section\" style=\"\"><div class=\"clearfix edgtf-section-inner\"><div class=\"edgtf-section-inner-margin clearfix\"><div class=\"wpb_column vc_column_container vc_col-sm-12\"><div class=\"vc_column-inner\"><div class=\"wpb_wrapper\"><div data-edgtf-parallax-speed=\"1\" class=\"vc_row wpb_row vc_inner vc_row-fluid edgtf-section edgtf-content-aligment-left\" style=\"\"><div class=\"edgtf-full-section-inner\"><div class=\"wpb_column vc_column_container vc_col-sm-12\"><div class=\"vc_column-inner\"><div class=\"wpb_wrapper\">\n\t<div class=\"wpb_text_column wpb_content_element\">\n\t\t<div class=\"wpb_wrapper\">\n\t\t\t<div class=\"wpb_text_column wpb_content_element\">\n<div class=\"wpb_wrapper\">\n<p><span style=\"font-size: 16px;\">Le mat&eacute;riel publicitaire est un objet comprenant g&eacute;n&eacute;ralement le nom et le logo de la marque et qui est offert aux clients ou prospects de l?entreprise.<\/span><\/p><\/div>\n<\/div>\n<div class=\"wpb_text_column wpb_content_element\">\n<div class=\"wpb_wrapper\">\n<ul>\n<li>On peut distinguer essentiellement 4 fonctions pour le mat&eacute;riel publicitaire: faire plaisir au client auquel il est offert<\/li>\n<li>b&eacute;n&eacute;ficier d?une visibilit&eacute; r&eacute;p&eacute;t&eacute;e et plus au moins prolong&eacute;e aupr&egrave;s de ce client<\/li>\n<li>b&eacute;n&eacute;ficier d?une visibilit&eacute; aupr&egrave;s de consommateurs particuliers ou professionnel<\/li>\n<li>b&eacute;n&eacute;ficier d?une visibilit&eacute; &eacute;ventuelle aupr&egrave;s d?autres individus expos&eacute;s &agrave; l?objet.<\/li>\n<\/ul>\n<p>&nbsp;<\/p>\n<ul>\n<li><strong>Pour vous conseiller, un seul num&eacute;ro &agrave; retenir 450 933-5810<\/strong><\/li>\n<\/ul>\n<\/div>\n<\/div>\n\n\t\t<\/div>\n\t<\/div>\n<\/div><\/div><\/div><\/div><\/div><\/div><\/div><\/div><\/div><\/div><\/div><div id=\"soumission\" class=\"vc_row wpb_row vc_row-fluid edgtf-section vc_custom_1713834448212 edgtf-content-aligment-center\" style=\"\"><div class=\"clearfix edgtf-full-section-inner\"><div class=\"wpb_column vc_column_container vc_col-sm-12 vc_hidden-sm vc_hidden-xs\"><div class=\"vc_column-inner\"><div class=\"wpb_wrapper\"><div data-edgtf-parallax-speed=\"1\" class=\"vc_row wpb_row vc_inner vc_row-fluid edgtf-section edgtf-content-aligment-left\" style=\"\"><div class=\"edgtf-full-section-inner\"><div class=\"box_size vertical-align-content wpb_column vc_column_container vc_col-sm-6\"><div class=\"vc_column-inner vc_custom_1551633083223\"><div class=\"wpb_wrapper\">\n\t<div class=\"wpb_text_column wpb_content_element\">\n\t\t<div class=\"wpb_wrapper\">\n\t\t\t<h1 class=\"about-title\">QUESTIONS?<\/h1>\n\n\t\t<\/div>\n\t<\/div>\n<\/div><\/div><\/div><div class=\"box_size vertical-align-content wpb_column vc_column_container vc_col-sm-6\"><div class=\"vc_column-inner vc_custom_1551554802531\"><div class=\"wpb_wrapper\"><a itemprop=\"url\" href=\"https:\/\/bbmlanctot.ca\/english\/nous-joindre\/\" target=\"_self\" style=\"color: #ffffff;border-color: #ffffff;margin: 0px\" class=\"edgtf-btn edgtf-btn-medium edgtf-btn-outline\">\n    <span class=\"edgtf-btn-text\">Contact us<\/span>\n    <\/a><\/div><\/div><\/div><\/div><\/div><\/div><\/div><\/div><\/div><\/div><div id=\"soumission\" class=\"vc_row wpb_row vc_row-fluid edgtf-section vc_custom_1713834453744 edgtf-content-aligment-center\" style=\"\"><div class=\"clearfix edgtf-full-section-inner\"><div class=\"wpb_column vc_column_container vc_col-sm-12 vc_hidden-lg vc_hidden-md\"><div class=\"vc_column-inner\"><div class=\"wpb_wrapper\"><div data-edgtf-parallax-speed=\"1\" class=\"vc_row wpb_row vc_inner vc_row-fluid edgtf-section edgtf-content-aligment-center\" style=\"\"><div class=\"edgtf-full-section-inner\"><div class=\"wpb_column vc_column_container vc_col-sm-12\"><div class=\"vc_column-inner vc_custom_1553127145518\"><div class=\"wpb_wrapper\">\n\t<div class=\"wpb_text_column wpb_content_element  vc_custom_1558387158693\">\n\t\t<div class=\"wpb_wrapper\">\n\t\t\t<h1 class=\"about-title\" style=\"text-align: center;\">QUESTIONS?<\/h1>\n\n\t\t<\/div>\n\t<\/div>\n<a itemprop=\"url\" href=\"https:\/\/bbmlanctot.ca\/english\/nous-joindre\/\" target=\"_self\" style=\"color: #ffffff;border-color: #ffffff;margin: 0px\" class=\"edgtf-btn edgtf-btn-medium edgtf-btn-outline\">\n    <span class=\"edgtf-btn-text\">Contact us<\/span>\n    <\/a><\/div><\/div><\/div><\/div><\/div><\/div><\/div><\/div><\/div><\/div><\/div>","protected":false},"excerpt":{"rendered":"<p>MAT&Eacute;RIEL PUBLICITAIRE MAT&Eacute;RIEL PUBLICITAIRE Contactez-nous Le mat&eacute;riel publicitaire est un objet comprenant g&eacute;n&eacute;ralement le nom et le logo de la marque et qui est offert aux clients ou prospects de l?entreprise. On peut distinguer essentiellement 4 fonctions pour le mat&eacute;riel publicitaire: faire plaisir au client [...]<\/p>","protected":false},"author":1,"featured_media":0,"parent":1184,"menu_order":0,"comment_status":"closed","ping_status":"closed","template":"full-width.php","meta":{"footnotes":""},"yoast_head":"<!-- This site is optimized with the Yoast SEO plugin v21.2 - https:\/\/yoast.com\/wordpress\/plugins\/seo\/ -->\n<title>Mat\u00e9riel publicitaire - BBM Lanctot<\/title>\n<meta name=\"description\" content=\"Le mat\u00e9riel publicitaire est un objet comprenant g\u00e9n\u00e9ralement le nom et le logo de la marque et qui est offert aux clients ou prospects de l\u2019entreprise. On peut distinguer essentiellement 4 fonctions pour le mat\u00e9riel publicitaire: faire plaisir au client auquel il est offertb\u00e9n\u00e9ficier d\u2019une visibilit\u00e9 r\u00e9p\u00e9t\u00e9e et plus au moins prolong\u00e9e aupr\u00e8s de ce clientb\u00e9n\u00e9ficier d\u2019une visibilit\u00e9 aupr\u00e8s de consommateurs particuliers ou professionnelb\u00e9n\u00e9ficier d\u2019une visibilit\u00e9 \u00e9ventuelle aupr\u00e8s d\u2019autres individus expos\u00e9s \u00e0 l\u2019objet.\" \/>\n<meta name=\"robots\" content=\"index, follow, max-snippet:-1, max-image-preview:large, max-video-preview:-1\" \/>\n<link rel=\"canonical\" href=\"https:\/\/bbmlanctot.ca\/english\/home-2\/impression-numerique\/materiel-publicitaire\/\" \/>\n<meta property=\"og:locale\" content=\"en_US\" \/>\n<meta property=\"og:type\" content=\"article\" \/>\n<meta property=\"og:title\" content=\"Mat\u00e9riel publicitaire - BBM Lanctot\" \/>\n<meta property=\"og:description\" content=\"Le mat\u00e9riel publicitaire est un objet comprenant g\u00e9n\u00e9ralement le nom et le logo de la marque et qui est offert aux clients ou prospects de l\u2019entreprise. On peut distinguer essentiellement 4 fonctions pour le mat\u00e9riel publicitaire: faire plaisir au client auquel il est offertb\u00e9n\u00e9ficier d\u2019une visibilit\u00e9 r\u00e9p\u00e9t\u00e9e et plus au moins prolong\u00e9e aupr\u00e8s de ce clientb\u00e9n\u00e9ficier d\u2019une visibilit\u00e9 aupr\u00e8s de consommateurs particuliers ou professionnelb\u00e9n\u00e9ficier d\u2019une visibilit\u00e9 \u00e9ventuelle aupr\u00e8s d\u2019autres individus expos\u00e9s \u00e0 l\u2019objet.\" \/>\n<meta property=\"og:url\" content=\"https:\/\/bbmlanctot.ca\/english\/home-2\/impression-numerique\/materiel-publicitaire\/\" \/>\n<meta property=\"og:site_name\" content=\"BBM Lanctot\" \/>\n<meta property=\"article:modified_time\" content=\"2024-04-23T01:07:35+00:00\" \/>\n<meta name=\"twitter:card\" content=\"summary_large_image\" \/>\n<meta name=\"twitter:label1\" content=\"Est. reading time\" \/>\n\t<meta name=\"twitter:data1\" content=\"2 minutes\" \/>\n<script type=\"application\/ld+json\" class=\"yoast-schema-graph\">{\"@context\":\"https:\/\/schema.org\",\"@graph\":[{\"@type\":\"WebPage\",\"@id\":\"https:\/\/bbmlanctot.ca\/home-2\/impression-numerique\/materiel-publicitaire\/\",\"url\":\"https:\/\/bbmlanctot.ca\/home-2\/impression-numerique\/materiel-publicitaire\/\",\"name\":\"Mat\u00e9riel publicitaire - BBM Lanctot\",\"isPartOf\":{\"@id\":\"https:\/\/bbmlanctot.ca\/#website\"},\"datePublished\":\"2020-07-16T21:56:18+00:00\",\"dateModified\":\"2024-04-23T01:07:35+00:00\",\"description\":\"Le mat\u00e9riel publicitaire est un objet comprenant g\u00e9n\u00e9ralement le nom et le logo de la marque et qui est offert aux clients ou prospects de l\u2019entreprise. On peut distinguer essentiellement 4 fonctions pour le mat\u00e9riel publicitaire: faire plaisir au client auquel il est offertb\u00e9n\u00e9ficier d\u2019une visibilit\u00e9 r\u00e9p\u00e9t\u00e9e et plus au moins prolong\u00e9e aupr\u00e8s de ce clientb\u00e9n\u00e9ficier d\u2019une visibilit\u00e9 aupr\u00e8s de consommateurs particuliers ou professionnelb\u00e9n\u00e9ficier d\u2019une visibilit\u00e9 \u00e9ventuelle aupr\u00e8s d\u2019autres individus expos\u00e9s \u00e0 l\u2019objet.\",\"breadcrumb\":{\"@id\":\"https:\/\/bbmlanctot.ca\/home-2\/impression-numerique\/materiel-publicitaire\/#breadcrumb\"},\"inLanguage\":\"en-CA\",\"potentialAction\":[{\"@type\":\"ReadAction\",\"target\":[\"https:\/\/bbmlanctot.ca\/home-2\/impression-numerique\/materiel-publicitaire\/\"]}]},{\"@type\":\"BreadcrumbList\",\"@id\":\"https:\/\/bbmlanctot.ca\/home-2\/impression-numerique\/materiel-publicitaire\/#breadcrumb\",\"itemListElement\":[{\"@type\":\"ListItem\",\"position\":1,\"name\":\"Home\",\"item\":\"https:\/\/bbmlanctot.ca\/\"},{\"@type\":\"ListItem\",\"position\":2,\"name\":\"Services\",\"item\":\"https:\/\/bbmlanctot.ca\/home-2\/\"},{\"@type\":\"ListItem\",\"position\":3,\"name\":\"Impression num\u00e9rique\",\"item\":\"https:\/\/bbmlanctot.ca\/home-2\/impression-numerique\/\"},{\"@type\":\"ListItem\",\"position\":4,\"name\":\"Mat\u00e9riel publicitaire\"}]},{\"@type\":\"WebSite\",\"@id\":\"https:\/\/bbmlanctot.ca\/#website\",\"url\":\"https:\/\/bbmlanctot.ca\/\",\"name\":\"BBM Lanctot\",\"description\":\"\",\"potentialAction\":[{\"@type\":\"SearchAction\",\"target\":{\"@type\":\"EntryPoint\",\"urlTemplate\":\"https:\/\/bbmlanctot.ca\/?s={search_term_string}\"},\"query-input\":\"required name=search_term_string\"}],\"inLanguage\":\"en-CA\"}]}<\/script>\n<!-- \/ Yoast SEO plugin. -->","yoast_head_json":{"title":"Mat\u00e9riel publicitaire - BBM Lanctot","description":"Le mat\u00e9riel publicitaire est un objet comprenant g\u00e9n\u00e9ralement le nom et le logo de la marque et qui est offert aux clients ou prospects de l\u2019entreprise. On peut distinguer essentiellement 4 fonctions pour le mat\u00e9riel publicitaire: faire plaisir au client auquel il est offertb\u00e9n\u00e9ficier d\u2019une visibilit\u00e9 r\u00e9p\u00e9t\u00e9e et plus au moins prolong\u00e9e aupr\u00e8s de ce clientb\u00e9n\u00e9ficier d\u2019une visibilit\u00e9 aupr\u00e8s de consommateurs particuliers ou professionnelb\u00e9n\u00e9ficier d\u2019une visibilit\u00e9 \u00e9ventuelle aupr\u00e8s d\u2019autres individus expos\u00e9s \u00e0 l\u2019objet.","robots":{"index":"index","follow":"follow","max-snippet":"max-snippet:-1","max-image-preview":"max-image-preview:large","max-video-preview":"max-video-preview:-1"},"canonical":"https:\/\/bbmlanctot.ca\/english\/home-2\/impression-numerique\/materiel-publicitaire\/","og_locale":"en_US","og_type":"article","og_title":"Mat\u00e9riel publicitaire - BBM Lanctot","og_description":"Le mat\u00e9riel publicitaire est un objet comprenant g\u00e9n\u00e9ralement le nom et le logo de la marque et qui est offert aux clients ou prospects de l\u2019entreprise. On peut distinguer essentiellement 4 fonctions pour le mat\u00e9riel publicitaire: faire plaisir au client auquel il est offertb\u00e9n\u00e9ficier d\u2019une visibilit\u00e9 r\u00e9p\u00e9t\u00e9e et plus au moins prolong\u00e9e aupr\u00e8s de ce clientb\u00e9n\u00e9ficier d\u2019une visibilit\u00e9 aupr\u00e8s de consommateurs particuliers ou professionnelb\u00e9n\u00e9ficier d\u2019une visibilit\u00e9 \u00e9ventuelle aupr\u00e8s d\u2019autres individus expos\u00e9s \u00e0 l\u2019objet.","og_url":"https:\/\/bbmlanctot.ca\/english\/home-2\/impression-numerique\/materiel-publicitaire\/","og_site_name":"BBM Lanctot","article_modified_time":"2024-04-23T01:07:35+00:00","twitter_card":"summary_large_image","twitter_misc":{"Est. reading time":"2 minutes"},"schema":{"@context":"https:\/\/schema.org","@graph":[{"@type":"WebPage","@id":"https:\/\/bbmlanctot.ca\/home-2\/impression-numerique\/materiel-publicitaire\/","url":"https:\/\/bbmlanctot.ca\/home-2\/impression-numerique\/materiel-publicitaire\/","name":"Mat\u00e9riel publicitaire - BBM Lanctot","isPartOf":{"@id":"https:\/\/bbmlanctot.ca\/#website"},"datePublished":"2020-07-16T21:56:18+00:00","dateModified":"2024-04-23T01:07:35+00:00","description":"Le mat\u00e9riel publicitaire est un objet comprenant g\u00e9n\u00e9ralement le nom et le logo de la marque et qui est offert aux clients ou prospects de l\u2019entreprise. On peut distinguer essentiellement 4 fonctions pour le mat\u00e9riel publicitaire: faire plaisir au client auquel il est offertb\u00e9n\u00e9ficier d\u2019une visibilit\u00e9 r\u00e9p\u00e9t\u00e9e et plus au moins prolong\u00e9e aupr\u00e8s de ce clientb\u00e9n\u00e9ficier d\u2019une visibilit\u00e9 aupr\u00e8s de consommateurs particuliers ou professionnelb\u00e9n\u00e9ficier d\u2019une visibilit\u00e9 \u00e9ventuelle aupr\u00e8s d\u2019autres individus expos\u00e9s \u00e0 l\u2019objet.","breadcrumb":{"@id":"https:\/\/bbmlanctot.ca\/home-2\/impression-numerique\/materiel-publicitaire\/#breadcrumb"},"inLanguage":"en-CA","potentialAction":[{"@type":"ReadAction","target":["https:\/\/bbmlanctot.ca\/home-2\/impression-numerique\/materiel-publicitaire\/"]}]},{"@type":"BreadcrumbList","@id":"https:\/\/bbmlanctot.ca\/home-2\/impression-numerique\/materiel-publicitaire\/#breadcrumb","itemListElement":[{"@type":"ListItem","position":1,"name":"Home","item":"https:\/\/bbmlanctot.ca\/"},{"@type":"ListItem","position":2,"name":"Services","item":"https:\/\/bbmlanctot.ca\/home-2\/"},{"@type":"ListItem","position":3,"name":"Impression num\u00e9rique","item":"https:\/\/bbmlanctot.ca\/home-2\/impression-numerique\/"},{"@type":"ListItem","position":4,"name":"Mat\u00e9riel publicitaire"}]},{"@type":"WebSite","@id":"https:\/\/bbmlanctot.ca\/#website","url":"https:\/\/bbmlanctot.ca\/","name":"BBM Lanctot","description":"","potentialAction":[{"@type":"SearchAction","target":{"@type":"EntryPoint","urlTemplate":"https:\/\/bbmlanctot.ca\/?s={search_term_string}"},"query-input":"required name=search_term_string"}],"inLanguage":"en-CA"}]}},"_links":{"self":[{"href":"https:\/\/bbmlanctot.ca\/english\/wp-json\/wp\/v2\/pages\/1110"}],"collection":[{"href":"https:\/\/bbmlanctot.ca\/english\/wp-json\/wp\/v2\/pages"}],"about":[{"href":"https:\/\/bbmlanctot.ca\/english\/wp-json\/wp\/v2\/types\/page"}],"author":[{"embeddable":true,"href":"https:\/\/bbmlanctot.ca\/english\/wp-json\/wp\/v2\/users\/1"}],"replies":[{"embeddable":true,"href":"https:\/\/bbmlanctot.ca\/english\/wp-json\/wp\/v2\/comments?post=1110"}],"version-history":[{"count":13,"href":"https:\/\/bbmlanctot.ca\/english\/wp-json\/wp\/v2\/pages\/1110\/revisions"}],"predecessor-version":[{"id":1919,"href":"https:\/\/bbmlanctot.ca\/english\/wp-json\/wp\/v2\/pages\/1110\/revisions\/1919"}],"up":[{"embeddable":true,"href":"https:\/\/bbmlanctot.ca\/english\/wp-json\/wp\/v2\/pages\/1184"}],"wp:attachment":[{"href":"https:\/\/bbmlanctot.ca\/english\/wp-json\/wp\/v2\/media?parent=1110"}],"curies":[{"name":"wp","href":"https:\/\/api.w.org\/{rel}","templated":true}]}}